{"id":153,"date":"2024-03-16T17:11:31","date_gmt":"2024-03-16T16:11:31","guid":{"rendered":"http:\/\/test.meble-vikola.pl\/?page_id=153"},"modified":"2024-03-30T10:34:57","modified_gmt":"2024-03-30T09:34:57","slug":"153-2","status":"publish","type":"page","link":"https:\/\/vikola.pl\/?page_id=153","title":{"rendered":"kuchnia 1"},"content":{"rendered":"\n<p>Ta kuchnia to propozycja dla ludzi ceni\u0105cych sobie ciep\u0142o p\u0142yn\u0105ce z naturalnego drewna. Fornir d\u0119bowy barwiony na ciemny orzech, wzbogacony o du\u017cy uchwyt ze stali szlachetnej zwie\u0144czony jasnym, kamiennym blatem prezentuje si\u0119 bardzo atrakcyjnie. Efekt wizualny podnosi pogrubiana rama wok\u00f3\u0142 wolnostoj\u0105cej lod\u00f3wki i wysokiej zabudowy. Pe\u0142ny dost\u0119p do szafki naro\u017cnej u\u0142atwia okucie obrotowe dobrej jako\u015bci a wysokie cargo to du\u017ca mobilna spi\u017carnia, w kt\u00f3rej wszystko jest na wyci\u0105gni\u0119cie r\u0119ki.<\/p>\n\n\n\n<figure class=\"wp-block-gallery has-nested-images columns-4 is-cropped wp-block-gallery-1 is-layout-flex wp-block-gallery-is-layout-flex\">\n<figure class=\"wp-block-image size-large\"><img fetchpriority=\"high\" decoding=\"async\" width=\"1024\" height=\"685\" data-id=\"154\" src=\"https:\/\/vikola.pl\/wp-content\/uploads\/2024\/03\/1_big-18-1024x685.jpg\" alt=\"\" class=\"wp-image-154\" srcset=\"https:\/\/vikola.pl\/wp-content\/uploads\/2024\/03\/1_big-18-1024x685.jpg 1024w, https:\/\/vikola.pl\/wp-content\/uploads\/2024\/03\/1_big-18-300x201.jpg 300w, https:\/\/vikola.pl\/wp-content\/uploads\/2024\/03\/1_big-18-768x514.jpg 768w, https:\/\/vikola.pl\/wp-content\/uploads\/2024\/03\/1_big-18.jpg 1046w\" sizes=\"(max-width: 1024px) 100vw, 1024px\" \/><figcaption class=\"wp-element-caption\">SONY DSC<\/figcaption><\/figure>\n\n\n\n<figure class=\"wp-block-image size-large\"><img decoding=\"async\" width=\"1024\" height=\"685\" data-id=\"155\" src=\"https:\/\/vikola.pl\/wp-content\/uploads\/2024\/03\/2_big-1024x685.jpg\" alt=\"\" class=\"wp-image-155\" srcset=\"https:\/\/vikola.pl\/wp-content\/uploads\/2024\/03\/2_big-1024x685.jpg 1024w, https:\/\/vikola.pl\/wp-content\/uploads\/2024\/03\/2_big-300x201.jpg 300w, https:\/\/vikola.pl\/wp-content\/uploads\/2024\/03\/2_big-768x514.jpg 768w, https:\/\/vikola.pl\/wp-content\/uploads\/2024\/03\/2_big.jpg 1046w\" sizes=\"(max-width: 1024px) 100vw, 1024px\" \/><figcaption class=\"wp-element-caption\">SONY DSC<\/figcaption><\/figure>\n\n\n\n<figure class=\"wp-block-image size-medium\"><img decoding=\"async\" width=\"201\" height=\"300\" data-id=\"157\" src=\"https:\/\/vikola.pl\/wp-content\/uploads\/2024\/03\/3_big-201x300.jpg\" alt=\"\" class=\"wp-image-157\" srcset=\"https:\/\/vikola.pl\/wp-content\/uploads\/2024\/03\/3_big-201x300.jpg 201w, https:\/\/vikola.pl\/wp-content\/uploads\/2024\/03\/3_big.jpg 500w\" sizes=\"(max-width: 201px) 100vw, 201px\" \/><figcaption class=\"wp-element-caption\">SONY DSC<\/figcaption><\/figure>\n\n\n\n<figure class=\"wp-block-image size-medium\"><img loading=\"lazy\" decoding=\"async\" width=\"201\" height=\"300\" data-id=\"156\" src=\"https:\/\/vikola.pl\/wp-content\/uploads\/2024\/03\/4_big-201x300.jpg\" alt=\"\" class=\"wp-image-156\" srcset=\"https:\/\/vikola.pl\/wp-content\/uploads\/2024\/03\/4_big-201x300.jpg 201w, https:\/\/vikola.pl\/wp-content\/uploads\/2024\/03\/4_big.jpg 500w\" sizes=\"(max-width: 201px) 100vw, 201px\" \/><figcaption class=\"wp-element-caption\">SONY DSC<\/figcaption><\/figure>\n\n\n\n<figure class=\"wp-block-image size-large\"><img loading=\"lazy\" decoding=\"async\" width=\"1024\" height=\"685\" data-id=\"158\" src=\"https:\/\/vikola.pl\/wp-content\/uploads\/2024\/03\/5_big-1024x685.jpg\" alt=\"\" class=\"wp-image-158\" srcset=\"https:\/\/vikola.pl\/wp-content\/uploads\/2024\/03\/5_big-1024x685.jpg 1024w, https:\/\/vikola.pl\/wp-content\/uploads\/2024\/03\/5_big-300x201.jpg 300w, https:\/\/vikola.pl\/wp-content\/uploads\/2024\/03\/5_big-768x514.jpg 768w, https:\/\/vikola.pl\/wp-content\/uploads\/2024\/03\/5_big.jpg 1046w\" sizes=\"(max-width: 1024px) 100vw, 1024px\" \/><figcaption class=\"wp-element-caption\">SONY DSC<\/figcaption><\/figure>\n\n\n\n<figure class=\"wp-block-image size-medium\"><img loading=\"lazy\" decoding=\"async\" width=\"201\" height=\"300\" data-id=\"159\" src=\"https:\/\/vikola.pl\/wp-content\/uploads\/2024\/03\/6_big-201x300.jpg\" alt=\"\" class=\"wp-image-159\" srcset=\"https:\/\/vikola.pl\/wp-content\/uploads\/2024\/03\/6_big-201x300.jpg 201w, https:\/\/vikola.pl\/wp-content\/uploads\/2024\/03\/6_big.jpg 500w\" sizes=\"(max-width: 201px) 100vw, 201px\" \/><figcaption class=\"wp-element-caption\">SONY DSC<\/figcaption><\/figure>\n\n\n\n<figure class=\"wp-block-image size-medium\"><img loading=\"lazy\" decoding=\"async\" width=\"201\" height=\"300\" data-id=\"160\" src=\"https:\/\/vikola.pl\/wp-content\/uploads\/2024\/03\/7_big-201x300.jpg\" alt=\"\" class=\"wp-image-160\" srcset=\"https:\/\/vikola.pl\/wp-content\/uploads\/2024\/03\/7_big-201x300.jpg 201w, https:\/\/vikola.pl\/wp-content\/uploads\/2024\/03\/7_big.jpg 500w\" sizes=\"(max-width: 201px) 100vw, 201px\" \/><figcaption class=\"wp-element-caption\">SONY DSC<\/figcaption><\/figure>\n\n\n\n<figure class=\"wp-block-image size-large\"><img loading=\"lazy\" decoding=\"async\" width=\"1024\" height=\"685\" data-id=\"161\" src=\"https:\/\/vikola.pl\/wp-content\/uploads\/2024\/03\/8_big-1024x685.jpg\" alt=\"\" class=\"wp-image-161\" srcset=\"https:\/\/vikola.pl\/wp-content\/uploads\/2024\/03\/8_big-1024x685.jpg 1024w, https:\/\/vikola.pl\/wp-content\/uploads\/2024\/03\/8_big-300x201.jpg 300w, https:\/\/vikola.pl\/wp-content\/uploads\/2024\/03\/8_big-768x514.jpg 768w, https:\/\/vikola.pl\/wp-content\/uploads\/2024\/03\/8_big.jpg 1046w\" sizes=\"(max-width: 1024px) 100vw, 1024px\" \/><figcaption class=\"wp-element-caption\">SONY DSC<\/figcaption><\/figure>\n<\/figure>\n","protected":false},"excerpt":{"rendered":"<p>Ta kuchnia to propozycja dla ludzi ceni\u0105cych sobie ciep\u0142o p\u0142yn\u0105ce z naturalnego drewna. Fornir d\u0119bowy barwiony na ciemny orzech, wzbogacony o du\u017cy uchwyt ze stali szlachetnej zwie\u0144czony jasnym, kamiennym blatem prezentuje si\u0119 bardzo atrakcyjnie. Efekt wizualny podnosi pogrubiana rama wok\u00f3\u0142 wolnostoj\u0105cej lod\u00f3wki i wysokiej zabudowy. Pe\u0142ny dost\u0119p do szafki naro\u017cnej u\u0142atwia okucie obrotowe dobrej jako\u015bci [&hellip;]<\/p>\n","protected":false},"author":1,"featured_media":0,"parent":0,"menu_order":0,"comment_status":"closed","ping_status":"closed","template":"","meta":{"footnotes":""},"class_list":["post-153","page","type-page","status-publish","hentry"],"yoast_head":"<!-- This site is optimized with the Yoast SEO plugin v22.2 - https:\/\/yoast.com\/wordpress\/plugins\/seo\/ -->\n<title>kuchnia 1 - meble-vikola<\/title>\n<meta name=\"robots\" content=\"index, follow, max-snippet:-1, max-image-preview:large, max-video-preview:-1\" \/>\n<link rel=\"canonical\" href=\"https:\/\/vikola.pl\/?page_id=153\" \/>\n<meta property=\"og:locale\" content=\"en_US\" \/>\n<meta property=\"og:type\" content=\"article\" \/>\n<meta property=\"og:title\" content=\"kuchnia 1 - meble-vikola\" \/>\n<meta property=\"og:description\" content=\"Ta kuchnia to propozycja dla ludzi ceni\u0105cych sobie ciep\u0142o p\u0142yn\u0105ce z naturalnego drewna. Fornir d\u0119bowy barwiony na ciemny orzech, wzbogacony o du\u017cy uchwyt ze stali szlachetnej zwie\u0144czony jasnym, kamiennym blatem prezentuje si\u0119 bardzo atrakcyjnie. Efekt wizualny podnosi pogrubiana rama wok\u00f3\u0142 wolnostoj\u0105cej lod\u00f3wki i wysokiej zabudowy. Pe\u0142ny dost\u0119p do szafki naro\u017cnej u\u0142atwia okucie obrotowe dobrej jako\u015bci [&hellip;]\" \/>\n<meta property=\"og:url\" content=\"https:\/\/vikola.pl\/?page_id=153\" \/>\n<meta property=\"og:site_name\" content=\"meble-vikola\" \/>\n<meta property=\"article:modified_time\" content=\"2024-03-30T09:34:57+00:00\" \/>\n<meta property=\"og:image\" content=\"https:\/\/vikola.pl\/wp-content\/uploads\/2024\/03\/1_big-18-1024x685.jpg\" \/>\n<meta name=\"twitter:card\" content=\"summary_large_image\" \/>\n<meta name=\"twitter:label1\" content=\"Est. reading time\" \/>\n\t<meta name=\"twitter:data1\" content=\"3 minutes\" \/>\n<script type=\"application\/ld+json\" class=\"yoast-schema-graph\">{\"@context\":\"https:\/\/schema.org\",\"@graph\":[{\"@type\":\"WebPage\",\"@id\":\"https:\/\/vikola.pl\/?page_id=153\",\"url\":\"https:\/\/vikola.pl\/?page_id=153\",\"name\":\"kuchnia 1 - meble-vikola\",\"isPartOf\":{\"@id\":\"https:\/\/vikola.pl\/#website\"},\"primaryImageOfPage\":{\"@id\":\"https:\/\/vikola.pl\/?page_id=153#primaryimage\"},\"image\":{\"@id\":\"https:\/\/vikola.pl\/?page_id=153#primaryimage\"},\"thumbnailUrl\":\"https:\/\/vikola.pl\/wp-content\/uploads\/2024\/03\/1_big-18-1024x685.jpg\",\"datePublished\":\"2024-03-16T16:11:31+00:00\",\"dateModified\":\"2024-03-30T09:34:57+00:00\",\"breadcrumb\":{\"@id\":\"https:\/\/vikola.pl\/?page_id=153#breadcrumb\"},\"inLanguage\":\"en-US\",\"potentialAction\":[{\"@type\":\"ReadAction\",\"target\":[\"https:\/\/vikola.pl\/?page_id=153\"]}]},{\"@type\":\"ImageObject\",\"inLanguage\":\"en-US\",\"@id\":\"https:\/\/vikola.pl\/?page_id=153#primaryimage\",\"url\":\"https:\/\/vikola.pl\/wp-content\/uploads\/2024\/03\/1_big-18.jpg\",\"contentUrl\":\"https:\/\/vikola.pl\/wp-content\/uploads\/2024\/03\/1_big-18.jpg\",\"width\":1046,\"height\":700,\"caption\":\"SONY DSC\"},{\"@type\":\"BreadcrumbList\",\"@id\":\"https:\/\/vikola.pl\/?page_id=153#breadcrumb\",\"itemListElement\":[{\"@type\":\"ListItem\",\"position\":1,\"name\":\"Home\",\"item\":\"https:\/\/vikola.pl\/\"},{\"@type\":\"ListItem\",\"position\":2,\"name\":\"kuchnia 1\"}]},{\"@type\":\"WebSite\",\"@id\":\"https:\/\/vikola.pl\/#website\",\"url\":\"https:\/\/vikola.pl\/\",\"name\":\"meble-vikola\",\"description\":\"Rozwijamy si\u0119 w\u0142a\u015bnie dla was\",\"publisher\":{\"@id\":\"https:\/\/vikola.pl\/#organization\"},\"potentialAction\":[{\"@type\":\"SearchAction\",\"target\":{\"@type\":\"EntryPoint\",\"urlTemplate\":\"https:\/\/vikola.pl\/?s={search_term_string}\"},\"query-input\":\"required name=search_term_string\"}],\"inLanguage\":\"en-US\"},{\"@type\":\"Organization\",\"@id\":\"https:\/\/vikola.pl\/#organization\",\"name\":\"meble-vikola\",\"url\":\"https:\/\/vikola.pl\/\",\"logo\":{\"@type\":\"ImageObject\",\"inLanguage\":\"en-US\",\"@id\":\"https:\/\/vikola.pl\/#\/schema\/logo\/image\/\",\"url\":\"https:\/\/vikola.pl\/wp-content\/uploads\/2024\/03\/vikola-logo-bez.jpg\",\"contentUrl\":\"https:\/\/vikola.pl\/wp-content\/uploads\/2024\/03\/vikola-logo-bez.jpg\",\"width\":152,\"height\":129,\"caption\":\"meble-vikola\"},\"image\":{\"@id\":\"https:\/\/vikola.pl\/#\/schema\/logo\/image\/\"}}]}<\/script>\n<!-- \/ Yoast SEO plugin. -->","yoast_head_json":{"title":"kuchnia 1 - meble-vikola","robots":{"index":"index","follow":"follow","max-snippet":"max-snippet:-1","max-image-preview":"max-image-preview:large","max-video-preview":"max-video-preview:-1"},"canonical":"https:\/\/vikola.pl\/?page_id=153","og_locale":"en_US","og_type":"article","og_title":"kuchnia 1 - meble-vikola","og_description":"Ta kuchnia to propozycja dla ludzi ceni\u0105cych sobie ciep\u0142o p\u0142yn\u0105ce z naturalnego drewna. Fornir d\u0119bowy barwiony na ciemny orzech, wzbogacony o du\u017cy uchwyt ze stali szlachetnej zwie\u0144czony jasnym, kamiennym blatem prezentuje si\u0119 bardzo atrakcyjnie. Efekt wizualny podnosi pogrubiana rama wok\u00f3\u0142 wolnostoj\u0105cej lod\u00f3wki i wysokiej zabudowy. Pe\u0142ny dost\u0119p do szafki naro\u017cnej u\u0142atwia okucie obrotowe dobrej jako\u015bci [&hellip;]","og_url":"https:\/\/vikola.pl\/?page_id=153","og_site_name":"meble-vikola","article_modified_time":"2024-03-30T09:34:57+00:00","og_image":[{"url":"https:\/\/vikola.pl\/wp-content\/uploads\/2024\/03\/1_big-18-1024x685.jpg"}],"twitter_card":"summary_large_image","twitter_misc":{"Est. reading time":"3 minutes"},"schema":{"@context":"https:\/\/schema.org","@graph":[{"@type":"WebPage","@id":"https:\/\/vikola.pl\/?page_id=153","url":"https:\/\/vikola.pl\/?page_id=153","name":"kuchnia 1 - meble-vikola","isPartOf":{"@id":"https:\/\/vikola.pl\/#website"},"primaryImageOfPage":{"@id":"https:\/\/vikola.pl\/?page_id=153#primaryimage"},"image":{"@id":"https:\/\/vikola.pl\/?page_id=153#primaryimage"},"thumbnailUrl":"https:\/\/vikola.pl\/wp-content\/uploads\/2024\/03\/1_big-18-1024x685.jpg","datePublished":"2024-03-16T16:11:31+00:00","dateModified":"2024-03-30T09:34:57+00:00","breadcrumb":{"@id":"https:\/\/vikola.pl\/?page_id=153#breadcrumb"},"inLanguage":"en-US","potentialAction":[{"@type":"ReadAction","target":["https:\/\/vikola.pl\/?page_id=153"]}]},{"@type":"ImageObject","inLanguage":"en-US","@id":"https:\/\/vikola.pl\/?page_id=153#primaryimage","url":"https:\/\/vikola.pl\/wp-content\/uploads\/2024\/03\/1_big-18.jpg","contentUrl":"https:\/\/vikola.pl\/wp-content\/uploads\/2024\/03\/1_big-18.jpg","width":1046,"height":700,"caption":"SONY DSC"},{"@type":"BreadcrumbList","@id":"https:\/\/vikola.pl\/?page_id=153#breadcrumb","itemListElement":[{"@type":"ListItem","position":1,"name":"Home","item":"https:\/\/vikola.pl\/"},{"@type":"ListItem","position":2,"name":"kuchnia 1"}]},{"@type":"WebSite","@id":"https:\/\/vikola.pl\/#website","url":"https:\/\/vikola.pl\/","name":"meble-vikola","description":"Rozwijamy si\u0119 w\u0142a\u015bnie dla was","publisher":{"@id":"https:\/\/vikola.pl\/#organization"},"potentialAction":[{"@type":"SearchAction","target":{"@type":"EntryPoint","urlTemplate":"https:\/\/vikola.pl\/?s={search_term_string}"},"query-input":"required name=search_term_string"}],"inLanguage":"en-US"},{"@type":"Organization","@id":"https:\/\/vikola.pl\/#organization","name":"meble-vikola","url":"https:\/\/vikola.pl\/","logo":{"@type":"ImageObject","inLanguage":"en-US","@id":"https:\/\/vikola.pl\/#\/schema\/logo\/image\/","url":"https:\/\/vikola.pl\/wp-content\/uploads\/2024\/03\/vikola-logo-bez.jpg","contentUrl":"https:\/\/vikola.pl\/wp-content\/uploads\/2024\/03\/vikola-logo-bez.jpg","width":152,"height":129,"caption":"meble-vikola"},"image":{"@id":"https:\/\/vikola.pl\/#\/schema\/logo\/image\/"}}]}},"_links":{"self":[{"href":"https:\/\/vikola.pl\/index.php?rest_route=\/wp\/v2\/pages\/153","targetHints":{"allow":["GET"]}}],"collection":[{"href":"https:\/\/vikola.pl\/index.php?rest_route=\/wp\/v2\/pages"}],"about":[{"href":"https:\/\/vikola.pl\/index.php?rest_route=\/wp\/v2\/types\/page"}],"author":[{"embeddable":true,"href":"https:\/\/vikola.pl\/index.php?rest_route=\/wp\/v2\/users\/1"}],"replies":[{"embeddable":true,"href":"https:\/\/vikola.pl\/index.php?rest_route=%2Fwp%2Fv2%2Fcomments&post=153"}],"version-history":[{"count":6,"href":"https:\/\/vikola.pl\/index.php?rest_route=\/wp\/v2\/pages\/153\/revisions"}],"predecessor-version":[{"id":570,"href":"https:\/\/vikola.pl\/index.php?rest_route=\/wp\/v2\/pages\/153\/revisions\/570"}],"wp:attachment":[{"href":"https:\/\/vikola.pl\/index.php?rest_route=%2Fwp%2Fv2%2Fmedia&parent=153"}],"curies":[{"name":"wp","href":"https:\/\/api.w.org\/{rel}","templated":true}]}}