{"id":319,"date":"2024-03-16T18:36:07","date_gmt":"2024-03-16T17:36:07","guid":{"rendered":"http:\/\/test.meble-vikola.pl\/?page_id=319"},"modified":"2024-03-30T10:37:30","modified_gmt":"2024-03-30T09:37:30","slug":"kuchnia-12-2","status":"publish","type":"page","link":"https:\/\/vikola.pl\/?page_id=319","title":{"rendered":"kuchnia 12"},"content":{"rendered":"\n<p>Czy tylko du\u017ce kuchnie mog\u0105 by\u0107 ciekawie zaaran\u017cowane? Czy tylko du\u017ca przestrze\u0144 daje pole do popisu dla naszej fantazji; NIE. Ma\u0142y aneks kuchenny te\u017c mo\u017cemy ciekawie zaprojektowa\u0107. W tym przypadku czarny, prawie lustrzany front, zwie\u0144czyli\u015bmy srebrnym blatem. Aby doda\u0107 jeszcze wi\u0119cej drapie\u017cno\u015bci tej kuchni fartuch mi\u0119dzy blatem i szafkami g\u00f3rnymi jest wykonany z czerwonego szk\u0142a. Przy podwy\u017cszonym barku w przysz\u0142o\u015bci stan\u0105 sto\u0142ki barowe. Na uwag\u0119 zas\u0142uguje uchwyt wyfrezowany we froncie i polakierowany, kt\u00f3ry nie dzieli nam front\u00f3w i z daleka jest prawie niewidoczny. Wszystko to sprawia, \u017ce kuchnia ma niepowtarzalny klimat.<\/p>\n\n\n\n<figure class=\"wp-block-gallery has-nested-images columns-default is-cropped wp-block-gallery-1 is-layout-flex wp-block-gallery-is-layout-flex\">\n<figure class=\"wp-block-image size-large\"><img fetchpriority=\"high\" decoding=\"async\" width=\"1024\" height=\"682\" data-id=\"320\" src=\"https:\/\/vikola.pl\/wp-content\/uploads\/2024\/03\/1_big-40-1024x682.jpg\" alt=\"\" class=\"wp-image-320\" srcset=\"https:\/\/vikola.pl\/wp-content\/uploads\/2024\/03\/1_big-40-1024x682.jpg 1024w, https:\/\/vikola.pl\/wp-content\/uploads\/2024\/03\/1_big-40-300x200.jpg 300w, https:\/\/vikola.pl\/wp-content\/uploads\/2024\/03\/1_big-40-768x512.jpg 768w, https:\/\/vikola.pl\/wp-content\/uploads\/2024\/03\/1_big-40.jpg 1051w\" sizes=\"(max-width: 1024px) 100vw, 1024px\" \/><figcaption class=\"wp-element-caption\">SONY DSC<\/figcaption><\/figure>\n\n\n\n<figure class=\"wp-block-image size-large\"><img decoding=\"async\" width=\"1024\" height=\"685\" data-id=\"324\" src=\"https:\/\/vikola.pl\/wp-content\/uploads\/2024\/03\/2_big-12-1024x685.jpg\" alt=\"\" class=\"wp-image-324\" srcset=\"https:\/\/vikola.pl\/wp-content\/uploads\/2024\/03\/2_big-12-1024x685.jpg 1024w, https:\/\/vikola.pl\/wp-content\/uploads\/2024\/03\/2_big-12-300x201.jpg 300w, https:\/\/vikola.pl\/wp-content\/uploads\/2024\/03\/2_big-12-768x514.jpg 768w, https:\/\/vikola.pl\/wp-content\/uploads\/2024\/03\/2_big-12.jpg 1046w\" sizes=\"(max-width: 1024px) 100vw, 1024px\" \/><figcaption class=\"wp-element-caption\">SONY DSC<\/figcaption><\/figure>\n\n\n\n<figure class=\"wp-block-image size-large\"><img decoding=\"async\" width=\"500\" height=\"747\" data-id=\"321\" src=\"https:\/\/vikola.pl\/wp-content\/uploads\/2024\/03\/3_big-12.jpg\" alt=\"\" class=\"wp-image-321\" srcset=\"https:\/\/vikola.pl\/wp-content\/uploads\/2024\/03\/3_big-12.jpg 500w, https:\/\/vikola.pl\/wp-content\/uploads\/2024\/03\/3_big-12-201x300.jpg 201w\" sizes=\"(max-width: 500px) 100vw, 500px\" \/><figcaption class=\"wp-element-caption\">SONY DSC<\/figcaption><\/figure>\n\n\n\n<figure class=\"wp-block-image size-large\"><img loading=\"lazy\" decoding=\"async\" width=\"500\" height=\"747\" data-id=\"326\" src=\"https:\/\/vikola.pl\/wp-content\/uploads\/2024\/03\/4_big-12.jpg\" alt=\"\" class=\"wp-image-326\" srcset=\"https:\/\/vikola.pl\/wp-content\/uploads\/2024\/03\/4_big-12.jpg 500w, https:\/\/vikola.pl\/wp-content\/uploads\/2024\/03\/4_big-12-201x300.jpg 201w\" sizes=\"(max-width: 500px) 100vw, 500px\" \/><figcaption class=\"wp-element-caption\">SONY DSC<\/figcaption><\/figure>\n\n\n\n<figure class=\"wp-block-image size-large\"><img loading=\"lazy\" decoding=\"async\" width=\"1024\" height=\"685\" data-id=\"325\" src=\"https:\/\/vikola.pl\/wp-content\/uploads\/2024\/03\/5_big-11-1024x685.jpg\" alt=\"\" class=\"wp-image-325\" srcset=\"https:\/\/vikola.pl\/wp-content\/uploads\/2024\/03\/5_big-11-1024x685.jpg 1024w, https:\/\/vikola.pl\/wp-content\/uploads\/2024\/03\/5_big-11-300x201.jpg 300w, https:\/\/vikola.pl\/wp-content\/uploads\/2024\/03\/5_big-11-768x514.jpg 768w, https:\/\/vikola.pl\/wp-content\/uploads\/2024\/03\/5_big-11.jpg 1046w\" sizes=\"(max-width: 1024px) 100vw, 1024px\" \/><figcaption class=\"wp-element-caption\">SONY DSC<\/figcaption><\/figure>\n\n\n\n<figure class=\"wp-block-image size-large\"><img loading=\"lazy\" decoding=\"async\" width=\"500\" height=\"747\" data-id=\"323\" src=\"https:\/\/vikola.pl\/wp-content\/uploads\/2024\/03\/6_big-10.jpg\" alt=\"\" class=\"wp-image-323\" srcset=\"https:\/\/vikola.pl\/wp-content\/uploads\/2024\/03\/6_big-10.jpg 500w, https:\/\/vikola.pl\/wp-content\/uploads\/2024\/03\/6_big-10-201x300.jpg 201w\" sizes=\"(max-width: 500px) 100vw, 500px\" \/><figcaption class=\"wp-element-caption\">SONY DSC<\/figcaption><\/figure>\n\n\n\n<figure class=\"wp-block-image size-large\"><img loading=\"lazy\" decoding=\"async\" width=\"500\" height=\"747\" data-id=\"322\" src=\"https:\/\/vikola.pl\/wp-content\/uploads\/2024\/03\/7_big-8.jpg\" alt=\"\" class=\"wp-image-322\" srcset=\"https:\/\/vikola.pl\/wp-content\/uploads\/2024\/03\/7_big-8.jpg 500w, https:\/\/vikola.pl\/wp-content\/uploads\/2024\/03\/7_big-8-201x300.jpg 201w\" sizes=\"(max-width: 500px) 100vw, 500px\" \/><figcaption class=\"wp-element-caption\">SONY DSC<\/figcaption><\/figure>\n<\/figure>\n","protected":false},"excerpt":{"rendered":"<p>Czy tylko du\u017ce kuchnie mog\u0105 by\u0107 ciekawie zaaran\u017cowane? Czy tylko du\u017ca przestrze\u0144 daje pole do popisu dla naszej fantazji; NIE. Ma\u0142y aneks kuchenny te\u017c mo\u017cemy ciekawie zaprojektowa\u0107. W tym przypadku czarny, prawie lustrzany front, zwie\u0144czyli\u015bmy srebrnym blatem. Aby doda\u0107 jeszcze wi\u0119cej drapie\u017cno\u015bci tej kuchni fartuch mi\u0119dzy blatem i szafkami g\u00f3rnymi jest wykonany z czerwonego szk\u0142a. [&hellip;]<\/p>\n","protected":false},"author":1,"featured_media":0,"parent":0,"menu_order":0,"comment_status":"closed","ping_status":"closed","template":"","meta":{"footnotes":""},"class_list":["post-319","page","type-page","status-publish","hentry"],"yoast_head":"<!-- This site is optimized with the Yoast SEO plugin v22.2 - https:\/\/yoast.com\/wordpress\/plugins\/seo\/ -->\n<title>kuchnia 12 - meble-vikola<\/title>\n<meta name=\"robots\" content=\"index, follow, max-snippet:-1, max-image-preview:large, max-video-preview:-1\" \/>\n<link rel=\"canonical\" href=\"https:\/\/vikola.pl\/?page_id=319\" \/>\n<meta property=\"og:locale\" content=\"en_US\" \/>\n<meta property=\"og:type\" content=\"article\" \/>\n<meta property=\"og:title\" content=\"kuchnia 12 - meble-vikola\" \/>\n<meta property=\"og:description\" content=\"Czy tylko du\u017ce kuchnie mog\u0105 by\u0107 ciekawie zaaran\u017cowane? Czy tylko du\u017ca przestrze\u0144 daje pole do popisu dla naszej fantazji; NIE. Ma\u0142y aneks kuchenny te\u017c mo\u017cemy ciekawie zaprojektowa\u0107. W tym przypadku czarny, prawie lustrzany front, zwie\u0144czyli\u015bmy srebrnym blatem. Aby doda\u0107 jeszcze wi\u0119cej drapie\u017cno\u015bci tej kuchni fartuch mi\u0119dzy blatem i szafkami g\u00f3rnymi jest wykonany z czerwonego szk\u0142a. [&hellip;]\" \/>\n<meta property=\"og:url\" content=\"https:\/\/vikola.pl\/?page_id=319\" \/>\n<meta property=\"og:site_name\" content=\"meble-vikola\" \/>\n<meta property=\"article:modified_time\" content=\"2024-03-30T09:37:30+00:00\" \/>\n<meta property=\"og:image\" content=\"https:\/\/vikola.pl\/wp-content\/uploads\/2024\/03\/1_big-40-1024x682.jpg\" \/>\n<meta name=\"twitter:card\" content=\"summary_large_image\" \/>\n<meta name=\"twitter:label1\" content=\"Est. reading time\" \/>\n\t<meta name=\"twitter:data1\" content=\"3 minutes\" \/>\n<script type=\"application\/ld+json\" class=\"yoast-schema-graph\">{\"@context\":\"https:\/\/schema.org\",\"@graph\":[{\"@type\":\"WebPage\",\"@id\":\"https:\/\/vikola.pl\/?page_id=319\",\"url\":\"https:\/\/vikola.pl\/?page_id=319\",\"name\":\"kuchnia 12 - meble-vikola\",\"isPartOf\":{\"@id\":\"https:\/\/vikola.pl\/#website\"},\"primaryImageOfPage\":{\"@id\":\"https:\/\/vikola.pl\/?page_id=319#primaryimage\"},\"image\":{\"@id\":\"https:\/\/vikola.pl\/?page_id=319#primaryimage\"},\"thumbnailUrl\":\"https:\/\/vikola.pl\/wp-content\/uploads\/2024\/03\/1_big-40-1024x682.jpg\",\"datePublished\":\"2024-03-16T17:36:07+00:00\",\"dateModified\":\"2024-03-30T09:37:30+00:00\",\"breadcrumb\":{\"@id\":\"https:\/\/vikola.pl\/?page_id=319#breadcrumb\"},\"inLanguage\":\"en-US\",\"potentialAction\":[{\"@type\":\"ReadAction\",\"target\":[\"https:\/\/vikola.pl\/?page_id=319\"]}]},{\"@type\":\"ImageObject\",\"inLanguage\":\"en-US\",\"@id\":\"https:\/\/vikola.pl\/?page_id=319#primaryimage\",\"url\":\"https:\/\/vikola.pl\/wp-content\/uploads\/2024\/03\/1_big-40.jpg\",\"contentUrl\":\"https:\/\/vikola.pl\/wp-content\/uploads\/2024\/03\/1_big-40.jpg\",\"width\":1051,\"height\":700,\"caption\":\"SONY DSC\"},{\"@type\":\"BreadcrumbList\",\"@id\":\"https:\/\/vikola.pl\/?page_id=319#breadcrumb\",\"itemListElement\":[{\"@type\":\"ListItem\",\"position\":1,\"name\":\"Home\",\"item\":\"https:\/\/vikola.pl\/\"},{\"@type\":\"ListItem\",\"position\":2,\"name\":\"kuchnia 12\"}]},{\"@type\":\"WebSite\",\"@id\":\"https:\/\/vikola.pl\/#website\",\"url\":\"https:\/\/vikola.pl\/\",\"name\":\"meble-vikola\",\"description\":\"Rozwijamy si\u0119 w\u0142a\u015bnie dla was\",\"publisher\":{\"@id\":\"https:\/\/vikola.pl\/#organization\"},\"potentialAction\":[{\"@type\":\"SearchAction\",\"target\":{\"@type\":\"EntryPoint\",\"urlTemplate\":\"https:\/\/vikola.pl\/?s={search_term_string}\"},\"query-input\":\"required name=search_term_string\"}],\"inLanguage\":\"en-US\"},{\"@type\":\"Organization\",\"@id\":\"https:\/\/vikola.pl\/#organization\",\"name\":\"meble-vikola\",\"url\":\"https:\/\/vikola.pl\/\",\"logo\":{\"@type\":\"ImageObject\",\"inLanguage\":\"en-US\",\"@id\":\"https:\/\/vikola.pl\/#\/schema\/logo\/image\/\",\"url\":\"https:\/\/vikola.pl\/wp-content\/uploads\/2024\/03\/vikola-logo-bez.jpg\",\"contentUrl\":\"https:\/\/vikola.pl\/wp-content\/uploads\/2024\/03\/vikola-logo-bez.jpg\",\"width\":152,\"height\":129,\"caption\":\"meble-vikola\"},\"image\":{\"@id\":\"https:\/\/vikola.pl\/#\/schema\/logo\/image\/\"}}]}<\/script>\n<!-- \/ Yoast SEO plugin. -->","yoast_head_json":{"title":"kuchnia 12 - meble-vikola","robots":{"index":"index","follow":"follow","max-snippet":"max-snippet:-1","max-image-preview":"max-image-preview:large","max-video-preview":"max-video-preview:-1"},"canonical":"https:\/\/vikola.pl\/?page_id=319","og_locale":"en_US","og_type":"article","og_title":"kuchnia 12 - meble-vikola","og_description":"Czy tylko du\u017ce kuchnie mog\u0105 by\u0107 ciekawie zaaran\u017cowane? Czy tylko du\u017ca przestrze\u0144 daje pole do popisu dla naszej fantazji; NIE. Ma\u0142y aneks kuchenny te\u017c mo\u017cemy ciekawie zaprojektowa\u0107. W tym przypadku czarny, prawie lustrzany front, zwie\u0144czyli\u015bmy srebrnym blatem. Aby doda\u0107 jeszcze wi\u0119cej drapie\u017cno\u015bci tej kuchni fartuch mi\u0119dzy blatem i szafkami g\u00f3rnymi jest wykonany z czerwonego szk\u0142a. [&hellip;]","og_url":"https:\/\/vikola.pl\/?page_id=319","og_site_name":"meble-vikola","article_modified_time":"2024-03-30T09:37:30+00:00","og_image":[{"url":"https:\/\/vikola.pl\/wp-content\/uploads\/2024\/03\/1_big-40-1024x682.jpg"}],"twitter_card":"summary_large_image","twitter_misc":{"Est. reading time":"3 minutes"},"schema":{"@context":"https:\/\/schema.org","@graph":[{"@type":"WebPage","@id":"https:\/\/vikola.pl\/?page_id=319","url":"https:\/\/vikola.pl\/?page_id=319","name":"kuchnia 12 - meble-vikola","isPartOf":{"@id":"https:\/\/vikola.pl\/#website"},"primaryImageOfPage":{"@id":"https:\/\/vikola.pl\/?page_id=319#primaryimage"},"image":{"@id":"https:\/\/vikola.pl\/?page_id=319#primaryimage"},"thumbnailUrl":"https:\/\/vikola.pl\/wp-content\/uploads\/2024\/03\/1_big-40-1024x682.jpg","datePublished":"2024-03-16T17:36:07+00:00","dateModified":"2024-03-30T09:37:30+00:00","breadcrumb":{"@id":"https:\/\/vikola.pl\/?page_id=319#breadcrumb"},"inLanguage":"en-US","potentialAction":[{"@type":"ReadAction","target":["https:\/\/vikola.pl\/?page_id=319"]}]},{"@type":"ImageObject","inLanguage":"en-US","@id":"https:\/\/vikola.pl\/?page_id=319#primaryimage","url":"https:\/\/vikola.pl\/wp-content\/uploads\/2024\/03\/1_big-40.jpg","contentUrl":"https:\/\/vikola.pl\/wp-content\/uploads\/2024\/03\/1_big-40.jpg","width":1051,"height":700,"caption":"SONY DSC"},{"@type":"BreadcrumbList","@id":"https:\/\/vikola.pl\/?page_id=319#breadcrumb","itemListElement":[{"@type":"ListItem","position":1,"name":"Home","item":"https:\/\/vikola.pl\/"},{"@type":"ListItem","position":2,"name":"kuchnia 12"}]},{"@type":"WebSite","@id":"https:\/\/vikola.pl\/#website","url":"https:\/\/vikola.pl\/","name":"meble-vikola","description":"Rozwijamy si\u0119 w\u0142a\u015bnie dla was","publisher":{"@id":"https:\/\/vikola.pl\/#organization"},"potentialAction":[{"@type":"SearchAction","target":{"@type":"EntryPoint","urlTemplate":"https:\/\/vikola.pl\/?s={search_term_string}"},"query-input":"required name=search_term_string"}],"inLanguage":"en-US"},{"@type":"Organization","@id":"https:\/\/vikola.pl\/#organization","name":"meble-vikola","url":"https:\/\/vikola.pl\/","logo":{"@type":"ImageObject","inLanguage":"en-US","@id":"https:\/\/vikola.pl\/#\/schema\/logo\/image\/","url":"https:\/\/vikola.pl\/wp-content\/uploads\/2024\/03\/vikola-logo-bez.jpg","contentUrl":"https:\/\/vikola.pl\/wp-content\/uploads\/2024\/03\/vikola-logo-bez.jpg","width":152,"height":129,"caption":"meble-vikola"},"image":{"@id":"https:\/\/vikola.pl\/#\/schema\/logo\/image\/"}}]}},"_links":{"self":[{"href":"https:\/\/vikola.pl\/index.php?rest_route=\/wp\/v2\/pages\/319","targetHints":{"allow":["GET"]}}],"collection":[{"href":"https:\/\/vikola.pl\/index.php?rest_route=\/wp\/v2\/pages"}],"about":[{"href":"https:\/\/vikola.pl\/index.php?rest_route=\/wp\/v2\/types\/page"}],"author":[{"embeddable":true,"href":"https:\/\/vikola.pl\/index.php?rest_route=\/wp\/v2\/users\/1"}],"replies":[{"embeddable":true,"href":"https:\/\/vikola.pl\/index.php?rest_route=%2Fwp%2Fv2%2Fcomments&post=319"}],"version-history":[{"count":2,"href":"https:\/\/vikola.pl\/index.php?rest_route=\/wp\/v2\/pages\/319\/revisions"}],"predecessor-version":[{"id":573,"href":"https:\/\/vikola.pl\/index.php?rest_route=\/wp\/v2\/pages\/319\/revisions\/573"}],"wp:attachment":[{"href":"https:\/\/vikola.pl\/index.php?rest_route=%2Fwp%2Fv2%2Fmedia&parent=319"}],"curies":[{"name":"wp","href":"https:\/\/api.w.org\/{rel}","templated":true}]}}