{"id":334,"date":"2024-03-16T18:39:16","date_gmt":"2024-03-16T17:39:16","guid":{"rendered":"http:\/\/test.meble-vikola.pl\/?page_id=334"},"modified":"2024-03-30T10:39:39","modified_gmt":"2024-03-30T09:39:39","slug":"kuchnia-14","status":"publish","type":"page","link":"https:\/\/vikola.pl\/?page_id=334","title":{"rendered":"kuchnia 14"},"content":{"rendered":"\n<p>Kuchnia ta, przyjazna i ciep\u0142a, wykonana jest z forniru \u201epalisander Santos\u201d. Horyzontalne u\u0142o\u017cenie s\u0142oj\u00f3w na froncie przechodz\u0105ce kolejno z jednego modu\u0142u w drugi sprawia bardzo dobre wra\u017cenie. Klasyka frontu ,,odm\u0142odzona \u2018\u2019jest nowoczesnym konglomeratowym blatem i coko\u0142em w kolorze inox. Otwieranie nawet ci\u0119\u017ckich szuflad i klapy nie stanowi problemu za spraw\u0105 wygodnego uchwytu ze stali szlachetnej. Jako\u015b\u0107 na najwy\u017cszym poziomie po\u0142\u0105czona z funkcjonalno\u015bci\u0105- to kuchnia dla konesera.<\/p>\n\n\n\n<figure class=\"wp-block-gallery has-nested-images columns-default is-cropped wp-block-gallery-1 is-layout-flex wp-block-gallery-is-layout-flex\">\n<figure class=\"wp-block-image size-large\"><img fetchpriority=\"high\" decoding=\"async\" width=\"500\" height=\"747\" data-id=\"335\" src=\"https:\/\/vikola.pl\/wp-content\/uploads\/2024\/03\/1_big-42.jpg\" alt=\"\" class=\"wp-image-335\" srcset=\"https:\/\/vikola.pl\/wp-content\/uploads\/2024\/03\/1_big-42.jpg 500w, https:\/\/vikola.pl\/wp-content\/uploads\/2024\/03\/1_big-42-201x300.jpg 201w\" sizes=\"(max-width: 500px) 100vw, 500px\" \/><figcaption class=\"wp-element-caption\">SONY DSC<\/figcaption><\/figure>\n\n\n\n<figure class=\"wp-block-image size-large\"><img decoding=\"async\" width=\"500\" height=\"747\" data-id=\"336\" src=\"https:\/\/vikola.pl\/wp-content\/uploads\/2024\/03\/2_big-14.jpg\" alt=\"\" class=\"wp-image-336\" srcset=\"https:\/\/vikola.pl\/wp-content\/uploads\/2024\/03\/2_big-14.jpg 500w, https:\/\/vikola.pl\/wp-content\/uploads\/2024\/03\/2_big-14-201x300.jpg 201w\" sizes=\"(max-width: 500px) 100vw, 500px\" \/><figcaption class=\"wp-element-caption\">SONY DSC<\/figcaption><\/figure>\n\n\n\n<figure class=\"wp-block-image size-large\"><img decoding=\"async\" width=\"1024\" height=\"685\" data-id=\"337\" src=\"https:\/\/vikola.pl\/wp-content\/uploads\/2024\/03\/3_big-13-1024x685.jpg\" alt=\"\" class=\"wp-image-337\" srcset=\"https:\/\/vikola.pl\/wp-content\/uploads\/2024\/03\/3_big-13-1024x685.jpg 1024w, https:\/\/vikola.pl\/wp-content\/uploads\/2024\/03\/3_big-13-300x201.jpg 300w, https:\/\/vikola.pl\/wp-content\/uploads\/2024\/03\/3_big-13-768x514.jpg 768w, https:\/\/vikola.pl\/wp-content\/uploads\/2024\/03\/3_big-13.jpg 1046w\" sizes=\"(max-width: 1024px) 100vw, 1024px\" \/><figcaption class=\"wp-element-caption\">SONY DSC<\/figcaption><\/figure>\n\n\n\n<figure class=\"wp-block-image size-large\"><img loading=\"lazy\" decoding=\"async\" width=\"500\" height=\"747\" data-id=\"340\" src=\"https:\/\/vikola.pl\/wp-content\/uploads\/2024\/03\/4_big-13.jpg\" alt=\"\" class=\"wp-image-340\" srcset=\"https:\/\/vikola.pl\/wp-content\/uploads\/2024\/03\/4_big-13.jpg 500w, https:\/\/vikola.pl\/wp-content\/uploads\/2024\/03\/4_big-13-201x300.jpg 201w\" sizes=\"(max-width: 500px) 100vw, 500px\" \/><figcaption class=\"wp-element-caption\">SONY DSC<\/figcaption><\/figure>\n\n\n\n<figure class=\"wp-block-image size-large\"><img loading=\"lazy\" decoding=\"async\" width=\"1024\" height=\"685\" data-id=\"345\" src=\"https:\/\/vikola.pl\/wp-content\/uploads\/2024\/03\/5_big-12-1024x685.jpg\" alt=\"\" class=\"wp-image-345\" srcset=\"https:\/\/vikola.pl\/wp-content\/uploads\/2024\/03\/5_big-12-1024x685.jpg 1024w, https:\/\/vikola.pl\/wp-content\/uploads\/2024\/03\/5_big-12-300x201.jpg 300w, https:\/\/vikola.pl\/wp-content\/uploads\/2024\/03\/5_big-12-768x514.jpg 768w, https:\/\/vikola.pl\/wp-content\/uploads\/2024\/03\/5_big-12.jpg 1046w\" sizes=\"(max-width: 1024px) 100vw, 1024px\" \/><figcaption class=\"wp-element-caption\">SONY DSC<\/figcaption><\/figure>\n\n\n\n<figure class=\"wp-block-image size-large\"><img loading=\"lazy\" decoding=\"async\" width=\"1024\" height=\"685\" data-id=\"342\" src=\"https:\/\/vikola.pl\/wp-content\/uploads\/2024\/03\/6_big-11-1024x685.jpg\" alt=\"\" class=\"wp-image-342\" srcset=\"https:\/\/vikola.pl\/wp-content\/uploads\/2024\/03\/6_big-11-1024x685.jpg 1024w, https:\/\/vikola.pl\/wp-content\/uploads\/2024\/03\/6_big-11-300x201.jpg 300w, https:\/\/vikola.pl\/wp-content\/uploads\/2024\/03\/6_big-11-768x514.jpg 768w, https:\/\/vikola.pl\/wp-content\/uploads\/2024\/03\/6_big-11.jpg 1046w\" sizes=\"(max-width: 1024px) 100vw, 1024px\" \/><figcaption class=\"wp-element-caption\">SONY DSC<\/figcaption><\/figure>\n\n\n\n<figure class=\"wp-block-image size-large\"><img loading=\"lazy\" decoding=\"async\" width=\"1024\" height=\"685\" data-id=\"338\" src=\"https:\/\/vikola.pl\/wp-content\/uploads\/2024\/03\/7_big-9-1024x685.jpg\" alt=\"\" class=\"wp-image-338\" srcset=\"https:\/\/vikola.pl\/wp-content\/uploads\/2024\/03\/7_big-9-1024x685.jpg 1024w, https:\/\/vikola.pl\/wp-content\/uploads\/2024\/03\/7_big-9-300x201.jpg 300w, https:\/\/vikola.pl\/wp-content\/uploads\/2024\/03\/7_big-9-768x514.jpg 768w, https:\/\/vikola.pl\/wp-content\/uploads\/2024\/03\/7_big-9.jpg 1046w\" sizes=\"(max-width: 1024px) 100vw, 1024px\" \/><figcaption class=\"wp-element-caption\">SONY DSC<\/figcaption><\/figure>\n\n\n\n<figure class=\"wp-block-image size-large\"><img loading=\"lazy\" decoding=\"async\" width=\"1024\" height=\"685\" data-id=\"339\" src=\"https:\/\/vikola.pl\/wp-content\/uploads\/2024\/03\/8_big-5-1024x685.jpg\" alt=\"\" class=\"wp-image-339\" srcset=\"https:\/\/vikola.pl\/wp-content\/uploads\/2024\/03\/8_big-5-1024x685.jpg 1024w, https:\/\/vikola.pl\/wp-content\/uploads\/2024\/03\/8_big-5-300x201.jpg 300w, https:\/\/vikola.pl\/wp-content\/uploads\/2024\/03\/8_big-5-768x514.jpg 768w, https:\/\/vikola.pl\/wp-content\/uploads\/2024\/03\/8_big-5.jpg 1046w\" sizes=\"(max-width: 1024px) 100vw, 1024px\" \/><figcaption class=\"wp-element-caption\">SONY DSC<\/figcaption><\/figure>\n\n\n\n<figure class=\"wp-block-image size-large\"><img loading=\"lazy\" decoding=\"async\" width=\"1024\" height=\"685\" data-id=\"344\" src=\"https:\/\/vikola.pl\/wp-content\/uploads\/2024\/03\/9_big-2-1024x685.jpg\" alt=\"\" class=\"wp-image-344\" srcset=\"https:\/\/vikola.pl\/wp-content\/uploads\/2024\/03\/9_big-2-1024x685.jpg 1024w, https:\/\/vikola.pl\/wp-content\/uploads\/2024\/03\/9_big-2-300x201.jpg 300w, https:\/\/vikola.pl\/wp-content\/uploads\/2024\/03\/9_big-2-768x514.jpg 768w, https:\/\/vikola.pl\/wp-content\/uploads\/2024\/03\/9_big-2.jpg 1046w\" sizes=\"(max-width: 1024px) 100vw, 1024px\" \/><figcaption class=\"wp-element-caption\">SONY DSC<\/figcaption><\/figure>\n\n\n\n<figure class=\"wp-block-image size-large\"><img loading=\"lazy\" decoding=\"async\" width=\"500\" height=\"747\" data-id=\"341\" src=\"https:\/\/vikola.pl\/wp-content\/uploads\/2024\/03\/10_big-1.jpg\" alt=\"\" class=\"wp-image-341\" srcset=\"https:\/\/vikola.pl\/wp-content\/uploads\/2024\/03\/10_big-1.jpg 500w, https:\/\/vikola.pl\/wp-content\/uploads\/2024\/03\/10_big-1-201x300.jpg 201w\" sizes=\"(max-width: 500px) 100vw, 500px\" \/><figcaption class=\"wp-element-caption\">SONY DSC<\/figcaption><\/figure>\n\n\n\n<figure class=\"wp-block-image size-large\"><img loading=\"lazy\" decoding=\"async\" width=\"500\" height=\"747\" data-id=\"343\" src=\"https:\/\/vikola.pl\/wp-content\/uploads\/2024\/03\/11_big-1.jpg\" alt=\"\" class=\"wp-image-343\" srcset=\"https:\/\/vikola.pl\/wp-content\/uploads\/2024\/03\/11_big-1.jpg 500w, https:\/\/vikola.pl\/wp-content\/uploads\/2024\/03\/11_big-1-201x300.jpg 201w\" sizes=\"(max-width: 500px) 100vw, 500px\" \/><figcaption class=\"wp-element-caption\">SONY DSC<\/figcaption><\/figure>\n<\/figure>\n","protected":false},"excerpt":{"rendered":"<p>Kuchnia ta, przyjazna i ciep\u0142a, wykonana jest z forniru \u201epalisander Santos\u201d. Horyzontalne u\u0142o\u017cenie s\u0142oj\u00f3w na froncie przechodz\u0105ce kolejno z jednego modu\u0142u w drugi sprawia bardzo dobre wra\u017cenie. Klasyka frontu ,,odm\u0142odzona \u2018\u2019jest nowoczesnym konglomeratowym blatem i coko\u0142em w kolorze inox. Otwieranie nawet ci\u0119\u017ckich szuflad i klapy nie stanowi problemu za spraw\u0105 wygodnego uchwytu ze stali szlachetnej. [&hellip;]<\/p>\n","protected":false},"author":1,"featured_media":0,"parent":0,"menu_order":0,"comment_status":"closed","ping_status":"closed","template":"","meta":{"footnotes":""},"class_list":["post-334","page","type-page","status-publish","hentry"],"yoast_head":"<!-- This site is optimized with the Yoast SEO plugin v22.2 - https:\/\/yoast.com\/wordpress\/plugins\/seo\/ -->\n<title>kuchnia 14 - meble-vikola<\/title>\n<meta name=\"robots\" content=\"index, follow, max-snippet:-1, max-image-preview:large, max-video-preview:-1\" \/>\n<link rel=\"canonical\" href=\"https:\/\/vikola.pl\/?page_id=334\" \/>\n<meta property=\"og:locale\" content=\"en_US\" \/>\n<meta property=\"og:type\" content=\"article\" \/>\n<meta property=\"og:title\" content=\"kuchnia 14 - meble-vikola\" \/>\n<meta property=\"og:description\" content=\"Kuchnia ta, przyjazna i ciep\u0142a, wykonana jest z forniru \u201epalisander Santos\u201d. Horyzontalne u\u0142o\u017cenie s\u0142oj\u00f3w na froncie przechodz\u0105ce kolejno z jednego modu\u0142u w drugi sprawia bardzo dobre wra\u017cenie. Klasyka frontu ,,odm\u0142odzona \u2018\u2019jest nowoczesnym konglomeratowym blatem i coko\u0142em w kolorze inox. Otwieranie nawet ci\u0119\u017ckich szuflad i klapy nie stanowi problemu za spraw\u0105 wygodnego uchwytu ze stali szlachetnej. [&hellip;]\" \/>\n<meta property=\"og:url\" content=\"https:\/\/vikola.pl\/?page_id=334\" \/>\n<meta property=\"og:site_name\" content=\"meble-vikola\" \/>\n<meta property=\"article:modified_time\" content=\"2024-03-30T09:39:39+00:00\" \/>\n<meta property=\"og:image\" content=\"https:\/\/vikola.pl\/wp-content\/uploads\/2024\/03\/1_big-42.jpg\" \/>\n<meta name=\"twitter:card\" content=\"summary_large_image\" \/>\n<meta name=\"twitter:label1\" content=\"Est. reading time\" \/>\n\t<meta name=\"twitter:data1\" content=\"3 minutes\" \/>\n<script type=\"application\/ld+json\" class=\"yoast-schema-graph\">{\"@context\":\"https:\/\/schema.org\",\"@graph\":[{\"@type\":\"WebPage\",\"@id\":\"https:\/\/vikola.pl\/?page_id=334\",\"url\":\"https:\/\/vikola.pl\/?page_id=334\",\"name\":\"kuchnia 14 - meble-vikola\",\"isPartOf\":{\"@id\":\"https:\/\/vikola.pl\/#website\"},\"primaryImageOfPage\":{\"@id\":\"https:\/\/vikola.pl\/?page_id=334#primaryimage\"},\"image\":{\"@id\":\"https:\/\/vikola.pl\/?page_id=334#primaryimage\"},\"thumbnailUrl\":\"https:\/\/vikola.pl\/wp-content\/uploads\/2024\/03\/1_big-42.jpg\",\"datePublished\":\"2024-03-16T17:39:16+00:00\",\"dateModified\":\"2024-03-30T09:39:39+00:00\",\"breadcrumb\":{\"@id\":\"https:\/\/vikola.pl\/?page_id=334#breadcrumb\"},\"inLanguage\":\"en-US\",\"potentialAction\":[{\"@type\":\"ReadAction\",\"target\":[\"https:\/\/vikola.pl\/?page_id=334\"]}]},{\"@type\":\"ImageObject\",\"inLanguage\":\"en-US\",\"@id\":\"https:\/\/vikola.pl\/?page_id=334#primaryimage\",\"url\":\"https:\/\/vikola.pl\/wp-content\/uploads\/2024\/03\/1_big-42.jpg\",\"contentUrl\":\"https:\/\/vikola.pl\/wp-content\/uploads\/2024\/03\/1_big-42.jpg\",\"width\":500,\"height\":747,\"caption\":\"SONY DSC\"},{\"@type\":\"BreadcrumbList\",\"@id\":\"https:\/\/vikola.pl\/?page_id=334#breadcrumb\",\"itemListElement\":[{\"@type\":\"ListItem\",\"position\":1,\"name\":\"Home\",\"item\":\"https:\/\/vikola.pl\/\"},{\"@type\":\"ListItem\",\"position\":2,\"name\":\"kuchnia 14\"}]},{\"@type\":\"WebSite\",\"@id\":\"https:\/\/vikola.pl\/#website\",\"url\":\"https:\/\/vikola.pl\/\",\"name\":\"meble-vikola\",\"description\":\"Rozwijamy si\u0119 w\u0142a\u015bnie dla was\",\"publisher\":{\"@id\":\"https:\/\/vikola.pl\/#organization\"},\"potentialAction\":[{\"@type\":\"SearchAction\",\"target\":{\"@type\":\"EntryPoint\",\"urlTemplate\":\"https:\/\/vikola.pl\/?s={search_term_string}\"},\"query-input\":\"required name=search_term_string\"}],\"inLanguage\":\"en-US\"},{\"@type\":\"Organization\",\"@id\":\"https:\/\/vikola.pl\/#organization\",\"name\":\"meble-vikola\",\"url\":\"https:\/\/vikola.pl\/\",\"logo\":{\"@type\":\"ImageObject\",\"inLanguage\":\"en-US\",\"@id\":\"https:\/\/vikola.pl\/#\/schema\/logo\/image\/\",\"url\":\"https:\/\/vikola.pl\/wp-content\/uploads\/2024\/03\/vikola-logo-bez.jpg\",\"contentUrl\":\"https:\/\/vikola.pl\/wp-content\/uploads\/2024\/03\/vikola-logo-bez.jpg\",\"width\":152,\"height\":129,\"caption\":\"meble-vikola\"},\"image\":{\"@id\":\"https:\/\/vikola.pl\/#\/schema\/logo\/image\/\"}}]}<\/script>\n<!-- \/ Yoast SEO plugin. -->","yoast_head_json":{"title":"kuchnia 14 - meble-vikola","robots":{"index":"index","follow":"follow","max-snippet":"max-snippet:-1","max-image-preview":"max-image-preview:large","max-video-preview":"max-video-preview:-1"},"canonical":"https:\/\/vikola.pl\/?page_id=334","og_locale":"en_US","og_type":"article","og_title":"kuchnia 14 - meble-vikola","og_description":"Kuchnia ta, przyjazna i ciep\u0142a, wykonana jest z forniru \u201epalisander Santos\u201d. Horyzontalne u\u0142o\u017cenie s\u0142oj\u00f3w na froncie przechodz\u0105ce kolejno z jednego modu\u0142u w drugi sprawia bardzo dobre wra\u017cenie. Klasyka frontu ,,odm\u0142odzona \u2018\u2019jest nowoczesnym konglomeratowym blatem i coko\u0142em w kolorze inox. Otwieranie nawet ci\u0119\u017ckich szuflad i klapy nie stanowi problemu za spraw\u0105 wygodnego uchwytu ze stali szlachetnej. [&hellip;]","og_url":"https:\/\/vikola.pl\/?page_id=334","og_site_name":"meble-vikola","article_modified_time":"2024-03-30T09:39:39+00:00","og_image":[{"url":"https:\/\/vikola.pl\/wp-content\/uploads\/2024\/03\/1_big-42.jpg"}],"twitter_card":"summary_large_image","twitter_misc":{"Est. reading time":"3 minutes"},"schema":{"@context":"https:\/\/schema.org","@graph":[{"@type":"WebPage","@id":"https:\/\/vikola.pl\/?page_id=334","url":"https:\/\/vikola.pl\/?page_id=334","name":"kuchnia 14 - meble-vikola","isPartOf":{"@id":"https:\/\/vikola.pl\/#website"},"primaryImageOfPage":{"@id":"https:\/\/vikola.pl\/?page_id=334#primaryimage"},"image":{"@id":"https:\/\/vikola.pl\/?page_id=334#primaryimage"},"thumbnailUrl":"https:\/\/vikola.pl\/wp-content\/uploads\/2024\/03\/1_big-42.jpg","datePublished":"2024-03-16T17:39:16+00:00","dateModified":"2024-03-30T09:39:39+00:00","breadcrumb":{"@id":"https:\/\/vikola.pl\/?page_id=334#breadcrumb"},"inLanguage":"en-US","potentialAction":[{"@type":"ReadAction","target":["https:\/\/vikola.pl\/?page_id=334"]}]},{"@type":"ImageObject","inLanguage":"en-US","@id":"https:\/\/vikola.pl\/?page_id=334#primaryimage","url":"https:\/\/vikola.pl\/wp-content\/uploads\/2024\/03\/1_big-42.jpg","contentUrl":"https:\/\/vikola.pl\/wp-content\/uploads\/2024\/03\/1_big-42.jpg","width":500,"height":747,"caption":"SONY DSC"},{"@type":"BreadcrumbList","@id":"https:\/\/vikola.pl\/?page_id=334#breadcrumb","itemListElement":[{"@type":"ListItem","position":1,"name":"Home","item":"https:\/\/vikola.pl\/"},{"@type":"ListItem","position":2,"name":"kuchnia 14"}]},{"@type":"WebSite","@id":"https:\/\/vikola.pl\/#website","url":"https:\/\/vikola.pl\/","name":"meble-vikola","description":"Rozwijamy si\u0119 w\u0142a\u015bnie dla was","publisher":{"@id":"https:\/\/vikola.pl\/#organization"},"potentialAction":[{"@type":"SearchAction","target":{"@type":"EntryPoint","urlTemplate":"https:\/\/vikola.pl\/?s={search_term_string}"},"query-input":"required name=search_term_string"}],"inLanguage":"en-US"},{"@type":"Organization","@id":"https:\/\/vikola.pl\/#organization","name":"meble-vikola","url":"https:\/\/vikola.pl\/","logo":{"@type":"ImageObject","inLanguage":"en-US","@id":"https:\/\/vikola.pl\/#\/schema\/logo\/image\/","url":"https:\/\/vikola.pl\/wp-content\/uploads\/2024\/03\/vikola-logo-bez.jpg","contentUrl":"https:\/\/vikola.pl\/wp-content\/uploads\/2024\/03\/vikola-logo-bez.jpg","width":152,"height":129,"caption":"meble-vikola"},"image":{"@id":"https:\/\/vikola.pl\/#\/schema\/logo\/image\/"}}]}},"_links":{"self":[{"href":"https:\/\/vikola.pl\/index.php?rest_route=\/wp\/v2\/pages\/334","targetHints":{"allow":["GET"]}}],"collection":[{"href":"https:\/\/vikola.pl\/index.php?rest_route=\/wp\/v2\/pages"}],"about":[{"href":"https:\/\/vikola.pl\/index.php?rest_route=\/wp\/v2\/types\/page"}],"author":[{"embeddable":true,"href":"https:\/\/vikola.pl\/index.php?rest_route=\/wp\/v2\/users\/1"}],"replies":[{"embeddable":true,"href":"https:\/\/vikola.pl\/index.php?rest_route=%2Fwp%2Fv2%2Fcomments&post=334"}],"version-history":[{"count":3,"href":"https:\/\/vikola.pl\/index.php?rest_route=\/wp\/v2\/pages\/334\/revisions"}],"predecessor-version":[{"id":576,"href":"https:\/\/vikola.pl\/index.php?rest_route=\/wp\/v2\/pages\/334\/revisions\/576"}],"wp:attachment":[{"href":"https:\/\/vikola.pl\/index.php?rest_route=%2Fwp%2Fv2%2Fmedia&parent=334"}],"curies":[{"name":"wp","href":"https:\/\/api.w.org\/{rel}","templated":true}]}}