{"id":414,"date":"2024-03-16T18:53:22","date_gmt":"2024-03-16T17:53:22","guid":{"rendered":"http:\/\/test.meble-vikola.pl\/?page_id=414"},"modified":"2024-03-30T10:57:31","modified_gmt":"2024-03-30T09:57:31","slug":"lazienka-5","status":"publish","type":"page","link":"https:\/\/vikola.pl\/?page_id=414","title":{"rendered":"\u0141azienka 5"},"content":{"rendered":"\n<figure class=\"wp-block-gallery has-nested-images columns-default is-cropped wp-block-gallery-1 is-layout-flex wp-block-gallery-is-layout-flex\">\n<figure class=\"wp-block-image size-large\"><img fetchpriority=\"high\" decoding=\"async\" width=\"916\" height=\"500\" data-id=\"415\" src=\"https:\/\/vikola.pl\/wp-content\/uploads\/2024\/03\/1_big-52.jpg\" alt=\"\" class=\"wp-image-415\" srcset=\"https:\/\/vikola.pl\/wp-content\/uploads\/2024\/03\/1_big-52.jpg 916w, https:\/\/vikola.pl\/wp-content\/uploads\/2024\/03\/1_big-52-300x164.jpg 300w, https:\/\/vikola.pl\/wp-content\/uploads\/2024\/03\/1_big-52-768x419.jpg 768w\" sizes=\"(max-width: 916px) 100vw, 916px\" \/><\/figure>\n\n\n\n<figure class=\"wp-block-image size-large\"><img decoding=\"async\" width=\"357\" height=\"804\" data-id=\"416\" src=\"https:\/\/vikola.pl\/wp-content\/uploads\/2024\/03\/2_big-22.jpg\" alt=\"\" class=\"wp-image-416\" srcset=\"https:\/\/vikola.pl\/wp-content\/uploads\/2024\/03\/2_big-22.jpg 357w, https:\/\/vikola.pl\/wp-content\/uploads\/2024\/03\/2_big-22-133x300.jpg 133w\" sizes=\"(max-width: 357px) 100vw, 357px\" \/><\/figure>\n\n\n\n<figure class=\"wp-block-image size-large\"><img decoding=\"async\" width=\"357\" height=\"729\" data-id=\"417\" src=\"https:\/\/vikola.pl\/wp-content\/uploads\/2024\/03\/3_big-21.jpg\" alt=\"\" class=\"wp-image-417\" srcset=\"https:\/\/vikola.pl\/wp-content\/uploads\/2024\/03\/3_big-21.jpg 357w, https:\/\/vikola.pl\/wp-content\/uploads\/2024\/03\/3_big-21-147x300.jpg 147w\" sizes=\"(max-width: 357px) 100vw, 357px\" \/><\/figure>\n\n\n\n<figure class=\"wp-block-image size-large\"><img loading=\"lazy\" decoding=\"async\" width=\"1024\" height=\"497\" data-id=\"419\" src=\"https:\/\/vikola.pl\/wp-content\/uploads\/2024\/03\/4_big-21-1024x497.jpg\" alt=\"\" class=\"wp-image-419\" srcset=\"https:\/\/vikola.pl\/wp-content\/uploads\/2024\/03\/4_big-21-1024x497.jpg 1024w, https:\/\/vikola.pl\/wp-content\/uploads\/2024\/03\/4_big-21-300x145.jpg 300w, https:\/\/vikola.pl\/wp-content\/uploads\/2024\/03\/4_big-21-768x372.jpg 768w, https:\/\/vikola.pl\/wp-content\/uploads\/2024\/03\/4_big-21.jpg 1031w\" sizes=\"(max-width: 1024px) 100vw, 1024px\" \/><\/figure>\n\n\n\n<figure class=\"wp-block-image size-large\"><img loading=\"lazy\" decoding=\"async\" width=\"930\" height=\"500\" data-id=\"418\" src=\"https:\/\/vikola.pl\/wp-content\/uploads\/2024\/03\/5_big-16.jpg\" alt=\"\" class=\"wp-image-418\" srcset=\"https:\/\/vikola.pl\/wp-content\/uploads\/2024\/03\/5_big-16.jpg 930w, https:\/\/vikola.pl\/wp-content\/uploads\/2024\/03\/5_big-16-300x161.jpg 300w, https:\/\/vikola.pl\/wp-content\/uploads\/2024\/03\/5_big-16-768x413.jpg 768w\" sizes=\"(max-width: 930px) 100vw, 930px\" \/><\/figure>\n<\/figure>\n","protected":false},"excerpt":{"rendered":"","protected":false},"author":1,"featured_media":0,"parent":0,"menu_order":0,"comment_status":"closed","ping_status":"closed","template":"","meta":{"footnotes":""},"class_list":["post-414","page","type-page","status-publish","hentry"],"yoast_head":"<!-- This site is optimized with the Yoast SEO plugin v22.2 - https:\/\/yoast.com\/wordpress\/plugins\/seo\/ -->\n<title>\u0141azienka 5 - meble-vikola<\/title>\n<meta name=\"robots\" content=\"index, follow, max-snippet:-1, max-image-preview:large, max-video-preview:-1\" \/>\n<link rel=\"canonical\" href=\"https:\/\/vikola.pl\/?page_id=414\" \/>\n<meta property=\"og:locale\" content=\"en_US\" \/>\n<meta property=\"og:type\" content=\"article\" \/>\n<meta property=\"og:title\" content=\"\u0141azienka 5 - meble-vikola\" \/>\n<meta property=\"og:url\" content=\"https:\/\/vikola.pl\/?page_id=414\" \/>\n<meta property=\"og:site_name\" content=\"meble-vikola\" \/>\n<meta property=\"article:modified_time\" content=\"2024-03-30T09:57:31+00:00\" \/>\n<meta property=\"og:image\" content=\"https:\/\/vikola.pl\/wp-content\/uploads\/2024\/03\/1_big-52.jpg\" \/>\n<meta name=\"twitter:card\" content=\"summary_large_image\" \/>\n<meta name=\"twitter:label1\" content=\"Est. reading time\" \/>\n\t<meta name=\"twitter:data1\" content=\"1 minute\" \/>\n<script type=\"application\/ld+json\" class=\"yoast-schema-graph\">{\"@context\":\"https:\/\/schema.org\",\"@graph\":[{\"@type\":\"WebPage\",\"@id\":\"https:\/\/vikola.pl\/?page_id=414\",\"url\":\"https:\/\/vikola.pl\/?page_id=414\",\"name\":\"\u0141azienka 5 - meble-vikola\",\"isPartOf\":{\"@id\":\"https:\/\/vikola.pl\/#website\"},\"primaryImageOfPage\":{\"@id\":\"https:\/\/vikola.pl\/?page_id=414#primaryimage\"},\"image\":{\"@id\":\"https:\/\/vikola.pl\/?page_id=414#primaryimage\"},\"thumbnailUrl\":\"https:\/\/vikola.pl\/wp-content\/uploads\/2024\/03\/1_big-52.jpg\",\"datePublished\":\"2024-03-16T17:53:22+00:00\",\"dateModified\":\"2024-03-30T09:57:31+00:00\",\"breadcrumb\":{\"@id\":\"https:\/\/vikola.pl\/?page_id=414#breadcrumb\"},\"inLanguage\":\"en-US\",\"potentialAction\":[{\"@type\":\"ReadAction\",\"target\":[\"https:\/\/vikola.pl\/?page_id=414\"]}]},{\"@type\":\"ImageObject\",\"inLanguage\":\"en-US\",\"@id\":\"https:\/\/vikola.pl\/?page_id=414#primaryimage\",\"url\":\"https:\/\/vikola.pl\/wp-content\/uploads\/2024\/03\/1_big-52.jpg\",\"contentUrl\":\"https:\/\/vikola.pl\/wp-content\/uploads\/2024\/03\/1_big-52.jpg\",\"width\":916,\"height\":500},{\"@type\":\"BreadcrumbList\",\"@id\":\"https:\/\/vikola.pl\/?page_id=414#breadcrumb\",\"itemListElement\":[{\"@type\":\"ListItem\",\"position\":1,\"name\":\"Home\",\"item\":\"https:\/\/vikola.pl\/\"},{\"@type\":\"ListItem\",\"position\":2,\"name\":\"\u0141azienka 5\"}]},{\"@type\":\"WebSite\",\"@id\":\"https:\/\/vikola.pl\/#website\",\"url\":\"https:\/\/vikola.pl\/\",\"name\":\"meble-vikola\",\"description\":\"Rozwijamy si\u0119 w\u0142a\u015bnie dla was\",\"publisher\":{\"@id\":\"https:\/\/vikola.pl\/#organization\"},\"potentialAction\":[{\"@type\":\"SearchAction\",\"target\":{\"@type\":\"EntryPoint\",\"urlTemplate\":\"https:\/\/vikola.pl\/?s={search_term_string}\"},\"query-input\":\"required name=search_term_string\"}],\"inLanguage\":\"en-US\"},{\"@type\":\"Organization\",\"@id\":\"https:\/\/vikola.pl\/#organization\",\"name\":\"meble-vikola\",\"url\":\"https:\/\/vikola.pl\/\",\"logo\":{\"@type\":\"ImageObject\",\"inLanguage\":\"en-US\",\"@id\":\"https:\/\/vikola.pl\/#\/schema\/logo\/image\/\",\"url\":\"https:\/\/vikola.pl\/wp-content\/uploads\/2024\/03\/vikola-logo-bez.jpg\",\"contentUrl\":\"https:\/\/vikola.pl\/wp-content\/uploads\/2024\/03\/vikola-logo-bez.jpg\",\"width\":152,\"height\":129,\"caption\":\"meble-vikola\"},\"image\":{\"@id\":\"https:\/\/vikola.pl\/#\/schema\/logo\/image\/\"}}]}<\/script>\n<!-- \/ Yoast SEO plugin. -->","yoast_head_json":{"title":"\u0141azienka 5 - meble-vikola","robots":{"index":"index","follow":"follow","max-snippet":"max-snippet:-1","max-image-preview":"max-image-preview:large","max-video-preview":"max-video-preview:-1"},"canonical":"https:\/\/vikola.pl\/?page_id=414","og_locale":"en_US","og_type":"article","og_title":"\u0141azienka 5 - meble-vikola","og_url":"https:\/\/vikola.pl\/?page_id=414","og_site_name":"meble-vikola","article_modified_time":"2024-03-30T09:57:31+00:00","og_image":[{"url":"https:\/\/vikola.pl\/wp-content\/uploads\/2024\/03\/1_big-52.jpg"}],"twitter_card":"summary_large_image","twitter_misc":{"Est. reading time":"1 minute"},"schema":{"@context":"https:\/\/schema.org","@graph":[{"@type":"WebPage","@id":"https:\/\/vikola.pl\/?page_id=414","url":"https:\/\/vikola.pl\/?page_id=414","name":"\u0141azienka 5 - meble-vikola","isPartOf":{"@id":"https:\/\/vikola.pl\/#website"},"primaryImageOfPage":{"@id":"https:\/\/vikola.pl\/?page_id=414#primaryimage"},"image":{"@id":"https:\/\/vikola.pl\/?page_id=414#primaryimage"},"thumbnailUrl":"https:\/\/vikola.pl\/wp-content\/uploads\/2024\/03\/1_big-52.jpg","datePublished":"2024-03-16T17:53:22+00:00","dateModified":"2024-03-30T09:57:31+00:00","breadcrumb":{"@id":"https:\/\/vikola.pl\/?page_id=414#breadcrumb"},"inLanguage":"en-US","potentialAction":[{"@type":"ReadAction","target":["https:\/\/vikola.pl\/?page_id=414"]}]},{"@type":"ImageObject","inLanguage":"en-US","@id":"https:\/\/vikola.pl\/?page_id=414#primaryimage","url":"https:\/\/vikola.pl\/wp-content\/uploads\/2024\/03\/1_big-52.jpg","contentUrl":"https:\/\/vikola.pl\/wp-content\/uploads\/2024\/03\/1_big-52.jpg","width":916,"height":500},{"@type":"BreadcrumbList","@id":"https:\/\/vikola.pl\/?page_id=414#breadcrumb","itemListElement":[{"@type":"ListItem","position":1,"name":"Home","item":"https:\/\/vikola.pl\/"},{"@type":"ListItem","position":2,"name":"\u0141azienka 5"}]},{"@type":"WebSite","@id":"https:\/\/vikola.pl\/#website","url":"https:\/\/vikola.pl\/","name":"meble-vikola","description":"Rozwijamy si\u0119 w\u0142a\u015bnie dla was","publisher":{"@id":"https:\/\/vikola.pl\/#organization"},"potentialAction":[{"@type":"SearchAction","target":{"@type":"EntryPoint","urlTemplate":"https:\/\/vikola.pl\/?s={search_term_string}"},"query-input":"required name=search_term_string"}],"inLanguage":"en-US"},{"@type":"Organization","@id":"https:\/\/vikola.pl\/#organization","name":"meble-vikola","url":"https:\/\/vikola.pl\/","logo":{"@type":"ImageObject","inLanguage":"en-US","@id":"https:\/\/vikola.pl\/#\/schema\/logo\/image\/","url":"https:\/\/vikola.pl\/wp-content\/uploads\/2024\/03\/vikola-logo-bez.jpg","contentUrl":"https:\/\/vikola.pl\/wp-content\/uploads\/2024\/03\/vikola-logo-bez.jpg","width":152,"height":129,"caption":"meble-vikola"},"image":{"@id":"https:\/\/vikola.pl\/#\/schema\/logo\/image\/"}}]}},"_links":{"self":[{"href":"https:\/\/vikola.pl\/index.php?rest_route=\/wp\/v2\/pages\/414","targetHints":{"allow":["GET"]}}],"collection":[{"href":"https:\/\/vikola.pl\/index.php?rest_route=\/wp\/v2\/pages"}],"about":[{"href":"https:\/\/vikola.pl\/index.php?rest_route=\/wp\/v2\/types\/page"}],"author":[{"embeddable":true,"href":"https:\/\/vikola.pl\/index.php?rest_route=\/wp\/v2\/users\/1"}],"replies":[{"embeddable":true,"href":"https:\/\/vikola.pl\/index.php?rest_route=%2Fwp%2Fv2%2Fcomments&post=414"}],"version-history":[{"count":2,"href":"https:\/\/vikola.pl\/index.php?rest_route=\/wp\/v2\/pages\/414\/revisions"}],"predecessor-version":[{"id":597,"href":"https:\/\/vikola.pl\/index.php?rest_route=\/wp\/v2\/pages\/414\/revisions\/597"}],"wp:attachment":[{"href":"https:\/\/vikola.pl\/index.php?rest_route=%2Fwp%2Fv2%2Fmedia&parent=414"}],"curies":[{"name":"wp","href":"https:\/\/api.w.org\/{rel}","templated":true}]}}